lculate f(-2).
-4
Let b(x) = -5*x**3 - 13*x**2 + 18*x - 6. Calculate b(1).
-6
Let c(q) = 2*q**3 - 8*q**2 + 7*q + 1. What is c(3)?
4
Let i(z) = z**3 - 92*z**2 - 103*z + 923. Determine i(93).
-7
Let c(n) = 47*n - 2141. Give c(46).
21
Let o(r) = -11*r**2 + 16*r - 4. Determine o(2).
-16
Let d(l) = 6*l**2 - 278*l + 34. What is d(46)?
-58
Let h(m) = -187*m + 569. Give h(3).
8
Let h(g) = 15*g**3 - 2146*g**2 + 140*g + 414. Calculate h(143).
-15
Let x(t) = 10*t**2 - 108*t + 114. Determine x(1).
16
Let r(p) = -p**2 - 37*p + 30. Calculate r(-27).
300
Let t(o) = 104*o + 73. Give t(4).
489
Let h(g) = 1374*g + 1378. Calculate h(-1).
4
Let s(g) = 8*g**2 - 128*g + 71. Determine s(17).
207
Let o(c) = 7*c**2 - 6*c + 7. Give o(1).
8
Let g(b) = -216*b - 5756. Calculate g(-26).
-140
Let r(o) = 3305*o - 109064. What is r(33)?
1
Let m(b) = 338*b + 322. What is m(-3)?
-692
Let k(b) = 8*b + 186. Give k(-22).
10
Let o(n) = n**2 - 2*n - 77. Give o(0).
-77
Let i(g) = 39*g - 980. Give i(25).
-5
Let a(k) = -1055*k + 5268. What is a(5)?
-7
Let f(y) = -y**2 - 32*y - 186. Determine f(-18).
66
Let s(n) = n**2 - 2*n - 3. Calculate s(3).
0
Let q(z) = z**2 - 15*z - 5. Determine q(16).
11
Let o(j) = j**2 + 42*j + 457. What is o(-19)?
20
Let j(q) = q**3 + 9*q**2 + 1663*q + 11540. What is j(-7)?
-3
Let h(p) = 1354*p + 4091. Determine h(-3).
29
Let w(l) = -1694*l - 8468. Give w(-5).
2
Let a(l) = 78*l + 502. Give a(-12).
-434
Let y(j) = -60*j - 173. What is y(-3)?
7
Let q(t) = -t**3 + 36*t**2 + 250*t + 43. Determine q(42).
-41
Let h(q) = -q**3 + 49*q**2 - 383*q - 336. What is h(39)?
-63
Let d(y) = y**2 - 99*y + 940. Give d(11).
-28
Let l(s) = 206*s + 849. Give l(-4).
25
Let z(b) = -9*b**3 + 171*b**2 + 14*b - 240. Calculate z(19).
26
Let m(s) = 1418*s + 2852. Give m(-2).
16
Let w(z) = 30*z**2 + 456*z + 83. What is w(-15)?
-7
Let q(a) = a**3 + 9*a**2 + 5*a - 18. Determine q(-8).
6
Let d(r) = 2*r**3 + 28*r**2 + 9*r - 2. What is d(-14)?
-128
Let o(a) = -2*a**3 - 11*a**2 - a + 38. What is o(-4)?
-6
Let g(a) = -a**3 - 20*a - 53. Give g(-4).
91
Let b(c) = c**3 - 136*c**2 + 1488*c - 7. Calculate b(12).
-7
Let a(c) = -2*c**3 + 3*c**2 + 6*c - 12. Determine a(3).
-21
Let l(u) = u**3 - 23*u**2 + 25*u - 49. Determine l(22).
17
Let f(c) = -32*c - 134. Give f(-2).
-70
Let h(o) = -o**2 + 57*o + 193. Give h(47).
663
Let p(b) = -189*b - 7. What is p(1)?
-196
Let u(v) = v**3 + 376*v**2 + 390*v + 5629. What is u(-375)?
4
Let b(j) = 98*j - 3201. Calculate b(33).
33
Let s(h) = 167*h + 33. Determine s(-1).
-134
Let m(n) = -50*n - 33. Determine m(-3).
117
Let x(n) = 19*n**2 + 112*n + 3. What is x(-4)?
-141
Let q(j) = 67*j - 5762. Calculate q(86).
0
Let k(c) = 63*c - 307. Determine k(9).
260
Let b(c) = 84*c + 2227. Determine b(-26).
43
Let z(f) = -74*f - 67. Calculate z(-8).
525
Let f(t) = 72*t + 22. Determine f(-1).
-50
Let n(l) = 131*l + 43794. What is n(-334)?
40
Let f(l) = 3*l**3 - 2*l**2 + 21*l + 22. What is f(-1)?
-4
Let w(s) = s**3 + 5*s**2 - 251*s - 1480. Calculate w(-6).
-10
Let o(v) = -v**2 - 27*v - 57. Calculate o(-15).
123
Let t(r) = -3*r**2 - 10*r + 11. Give t(2).
-21
Let j(k) = 424*k + 9236. Give j(-22).
-92
Let d(a) = -a**2 - 377*a + 2675. Give d(7).
-13
Let r(h) = -h**3 - 191*h**2 + 152*h - 7667. Calculate r(-192).
13
Let m(g) = -16*g**2 + 29*g + 35. What is m(-1)?
-10
Let w(q) = q**2 - 767*q - 767. Calculate w(-1).
1
Let g(m) = 130*m + 20155. Calculate g(-155).
5
Let c(g) = g**2 + 19*g - 2081. Give c(-56).
-9
Let r(w) = w**3 + 134*w**2 - 830*w - 23. Give r(6).
37
Let f(z) = -z**3 + 8*z**2 - 34*z + 153. Determine f(6).
21
Let x(g) = -g**3 + 28*g**2 - 44*g + 116. What is x(26)?
324
Let b(o) = 21948*o - 109727. Give b(5).
13
Let h(g) = -2*g**3 + 29*g**2 - 11*g - 29. What is h(14)?
13
Let j(w) = 44*w**3 + 2*w**2 + 12*w + 7. Give j(-2).
-361
Let t(x) = x**3 - x**2 - 134*x + 669. What is t(7)?
25
Let l(x) = -x**3 + 71*x**2 + 300*x - 58. Calculate l(75).
-58
Let d(m) = 18*m**2 + 45*m + 84. Give d(-2).
66
Let v(g) = g**3 + 19*g**2 - 5*g + 23. Determine v(-20).
-277
Let z(a) = -a**3 + 207*a**2 - 5*a + 1041. Calculate z(207).
6
Let x(a) = a**3 + 10*a**2 - 55*a + 14. What is x(-14)?
0
Let b(p) = p**3 + 5*p**2 - 3*p + 16. What is b(-5)?
31
Let d(y) = 208*y + 1669. What is d(-8)?
5
Let z(i) = -i**3 - 13*i**2 - 77*i - 216. Determine z(-6).
-6
Let z(d) = -13*d**2 - 81*d - 163. What is z(-2)?
-53
Let g(a) = a**3 - 30*a**2 - 35*a + 60. Determine g(31).
-64
Let x(n) = 50*n - 4201. Give x(84).
-1
Let p(q) = -1513*q + 5975. Determine p(4).
-77
Let t(b) = 4*b**3 - b + 7. Calculate t(-2).
-23
Let u(l) = l**3 + 14*l**2 - 495*l - 489. Determine u(-30).
-39
Let q(u) = u**3 + 82*u**2 + 158*u - 138. Calculate q(-80).
22
Let d(o) = 171*o - 1540. Calculate d(9).
-1
Let f(u) = -12*u**2 + 4*u + 4. Calculate f(-2).
-52
Let x(a) = -2*a**2 - 143*a - 202. Give x(-70).
8
Let m(o) = o**3 - 17*o**2 + 73*o - 158. What is m(12)?
-2
Let b(t) = 4*t**2 + 7*t + 13. Calculate b(-4).
49
Let u(t) = 384*t - 2314. Calculate u(6).
-10
Let v(u) = -u**2 - 4*u + 5. Give v(-9).
-40
Let r(l) = -9*l**2 + 101*l - 22. Calculate r(11).
0
Let r(y) = y**2 + 754*y + 51543. Give r(-76).
15
Let z(q) = 5*q**2 + 1317*q + 10718. Determine z(-255).
8
Let g(o) = -608*o + 664. Determine g(1).
56
Let d(k) = -2*k**2 - 44*k + 501. Give d(11).
-225
Let x(p) = -p**2 - 38*p - 326. What is x(-11)?
-29
Let k(s) = -80*s - 643. What is k(-9)?
77
Let k(i) = -8*i**2 - 174*i - 541. What is k(-18)?
-1
Let i(f) = f**3 - 16*f**2 + 30*f - 35. Calculate i(13).
-152
Let v(m) = -8*m**2 - m - 16. What is v(-3)?
-85
Let i(s) = s**3 - 7*s**2 + s - 6. Calculate i(0).
-6
Let l(z) = 12*z**2 - 63*z - 157. What is l(7)?
-10
Let w(s) = -s**3 + 14*s**2 - 41*s - 12. Give w(5).
8
Let j(z) = 44*z - 954. Give j(22).
14
Let i(s) = -20*s + 749. Calculate i(27).
209
Let j(f) = 491*f + 3803. Determine j(-8).
-125
Let i(z) = 5*z**2 - 78*z - 194. Give i(18).
22
Let u(c) = 162*c**2 - 170*c. Calculate u(1).
-8
Let d(h) = -324*h - 6237. Give d(-19).
-81
Let h(v) = v**3 - 53*v**2 - 110*v + 185. Give h(55).
185
Let p(i) = i**2 - 8981*i - 89914. Give p(-10).
-4
Let n(x) = x**2 + 10*x + 39. What is n(-9)?
30
Let v(d) = 293*d + 6161. Determine v(-21).
8
Let c(a) = -2*a**2 - 396*a - 4. Give c(0).
-4
Let q(m) = -m**2 - 433*m - 13222. What is q(-33)?
-22
Let v(x) = -1083*x - 67151. What is v(-62)?
-5
Let u(n) = -27*n**2 + 627*n - 16. What is u(23)?
122
Let s(h) = 440*h + 360. Give s(-1).
-80
Let q(i) = 214*i + 1931. Determine q(-9).
5
Let g(l) = -l**3 + 9*l**2 - 14*l + 12. What is g(7)?
12
Let i(d) = -280*d - 1527. Determine i(-5).
-127
Let x(g) = -g**2 - 33*g - 302. Calculate x(-24).
-86
Let m(z) = -z**3 + 13*z**2 - 47*z + 256. Determine m(10).
86
Let l(d) = -3*d**3 - 9*d**2 - 37*d - 35. What is l(-7)?
812
Let w(g) = -2*g**2 - 191*g + 1098. Calculate w(-101).
-13
Let l(p) = p**3 + 32*p**2 + 17*p - 25. Determine l(-31).
409
Let g(a) = -14*a + 35. Determine g(-9).
161
Let d(r) = -93*r**2 + 7069*r - 71. Give d(76).
5
Let c(y) = 646*y - 4543. Calculate c(7).
-21
Let s(g) = -14*g**2 + 28*g - 49. Determine s(3).
-91
Let o(d) = 94*d**2 - 135*d. Determine o(1).
-41
Let a(k) = k**2 - 62*k + 796. Determine a(17).
31
Let o(s) = -s**2 - 120*s - 1243. What is o(-11)?
-44
Let q(k) = k**2 + 9*k - 55. What is q(-6)?
-73
Let a(t) = t**3 - 35*t**2 + 37*t - 158. What is a(34)?
-56
Let p(q) = -89*q + 643. Determine p(6).
109
Let x(l) = -4*l + 136. Determine x(14).
80
Let r(l) = -137*l + 570. Calculate r(4).
22
Let h(j) = 2*j**3 - 9*j**2 - 3*j - 15. What is h(5)?
-5
Let s(u) = -2*u**2 + 62*u - 215. What is s(4)?
1
Let i(k) = -139*k**2 + 2*k + 2. Give i(-1).
-139
Let c(y) = 3*y**3 - 7*y**2 + 6*y - 25. Determine c(-4).
-353
Let i(b) = 47*b + 4233. Determine i(-90).
3
Let w(l) = 11*l - 641. Calculate w(61).
30
Let z(k) = -659*k + 596. What is z(2)?
-722
Let c(p) = p**2 - 55*p + 638. Determine c(18).
-28
Let v(z) = -70*z - 911. Calculate v(-13).
-1
Let o(f) = -131*f - 2162. What is o(-17)?
65
Let a(r) = r**2 + 28*r - 15493. What is a(111)?
-64
Let i(f) = -f**3 - 27*f**2 - 30*f - 1681. Give i(-28).
-57
Let n(k) = 1404*k - 6979. What is n(5)?
41
Let o(s) = 69*s**3 + 2*s**2 - 23*s + 38. Calculate o(2).
552
Let k(d) = d**3 + 18*d**2 - 25*d + 290. Determine k(-20).
-10
Let y(a) = 277*a - 832. Calculate y(3).
-1
Let i(o) = 15*o - 200. 